ate -12 + (4 - 9) - ((14 - -14) + -131).
86
-10 - -76 - (182 + -96)
-20
Evaluate 677 - 655 - (1 - -47).
-26
Evaluate 61 + -94 + 165 - 36.
96
Calculate -112 + 27 + (40 - (78 - 41)).
-82
What is 25 + (1 - 1) - (-1706 + 1789)?
-58
What is -6 + -14 + (37 - 2)?
15
What is the value of (42 - -14 - -11) + 4 + (1 + 5 - 20)?
57
(-157 - -79 - 34) + 144
32
(17 - (50 - 10)) + 16 + 56
49
Calculate 2 + 0 + 10 - (3249 + -3203).
-34
Evaluate (-2 - (31 - 19 - 33)) + 15.
34
What is 9 + 4 + 6 - (150 + -86)?
-45
What is (7 - -79) + 66 + -139?
13
What is -21 + (28 + -62 - -44) + -36?
-47
-53 + (53 - -67 - 59)
8
Calculate 107 + -168 + 33 + -22.
-50
What is the value of (-191 - -180) + (-4 - -77) - 23?
39
Evaluate -8 + 1 + (-95 - (-109 - -9)) - (-21 - 1).
20
What is the value of -101 + (205 + -145 - 47)?
-88
106 + 74 + -110 + -30
40
What is 1 - (94 - (-57 - -147) - (2 - (0 + 0)))?
-1
What is 39 + (-11 - (-5 - -4)) + -2 + 29?
56
What is the value of -3 + -12 + 4 + (81 - -13) + -25?
58
What is -3 - -3 - -4 - ((144 - -17) + -105)?
-52
What is the value of 92 + 31 + 13 + -85?
51
Calculate 6 - (-21 - (-8 + -5 - -5) - 73) - 4.
88
Evaluate 46 + -4 + -6 + -5 + 0 + (-128 - -131).
34
Evaluate 106 + (-74 - 26) + 9.
15
What is (-170 - -179) + (-27 - 1)?
-19
What is (-1 - -4) + (-1810 - -1829) + -1 + -17?
4
Evaluate -26 - -42 - (14 - 21 - 13).
36
Calculate 16 - 5 - (-9 + -19 + 12).
27
Evaluate (-4 - -31) + (-10 - -45) + -23.
39
What is the value of -26 - (8 + 2 - (-132 + 244))?
76
Calculate (-1 + 8 - 1) + (-22 - (88 + -41)) - -5.
-58
(0 - 1 - -1) + -8 + (52 - 41) - -62
65
What is the value of -3973 + 3999 - (-52 + -2 + 1)?
79
Evaluate (-4 - (-8 + -3)) + (-4 - (-11 - -50)).
-36
What is the value of (-17 - -36) + (18 - 55 - -25)?
7
What is the value of -5059 + 5068 - (3 + 32 + (3 + -2 - 1))?
-26
Calculate 150 + (111 - 366) + 2 + 18.
-85
(0 - (-47 - 0)) + 425 + -398
74
112 + -142 + 3 + 21
-6
-14 + 3 + (-18 - -44) - (34 - 38)
19
What is (-3 + -13 - -23) + -7 - (-1 - 11)?
12
What is (-20 - (13 + -2)) + -36?
-67
(7 - (6 - (-7 + 7))) + -1 + 19 - 4
15
14 - (84 - 0 - (68 + -83 - -32))
-53
Calculate 72 - (-5 - (36 + -60 - (-19 - -4))).
68
14 - ((-2 - -2) + -14 + (-22 - 175 - -212))
13
Calculate 13 + (-4 - 2) - (-77 - (8 + -35)).
57
Calculate (79 - 0 - 1) + (212 - 217 - -5).
78
Calculate (4 + -17 - 21) + -2 + 0 - (-30 - -26).
-32
What is -78 + (-55 - -104) - -2?
-27
(-9 - (14 + -19 + -6 + -39)) + 15 + -6
50
Evaluate (-18 + -10 - -52) + 67.
91
Calculate 35 + -12 + -3 + 3 + -32.
-9
What is the value of -5 + 19 + 193 + -259?
-52
Calculate 294 + -272 + 20 + (7 - 9).
40
Calculate ((3 - (-6 + 7 + 7)) + 2 - -8) + -10.
-5
-5 + (868 - 966) + 2 + -1
-102
Calculate -369 - (-445 - -98) - (-134 + 0).
112
(-2083 - -2070) + -11 + 1
-23
What is the value of (-23 - (-7 + 4 - 24) - -3) + 57 + -1?
63
43 + (-43 - -4) - -32 - 118
-82
What is the value of (4 - 1) + (25 - 16) - 82 - -10?
-60
What is (-41 - 1) + 4 - (-15 + 4 - -3)?
-30
What is -145 + 14 - (146 - 415)?
138
-2 + (7 - 1) - (34 - (-30 + 73))
13
What is the value of (1 - 121) + (-4 - 21 - -5) + 32 - -9?
-99
Evaluate 44 - -93 - 6 - 67.
64
What is the value of (-73 + 20 - -45) + (136 - 1)?
127
What is (4 + -1 - (-1 + 12)) + 656 + -642?
6
-382 + 340 + 0 + 25
-17
Calculate 201 - 48 - (89 - -22).
42
What is 2 - (2 - -7) - ((2 - 14) + (97 - 17))?
-75
-69 - (-25 - -30) - (87 + -123)
-38
What is the value of -35 + 50 + -44 - 14?
-43
Evaluate (13 - 5) + (-32 - -38 - (23 + -7 + 5)).
-7
Calculate (-2 - -33) + (140 - (132 - -15)).
24
Calculate (-1 - 2) + 782 + -789 - 111.
-121
What is the value of (7 - 16 - -4 - 31) + -8?
-44
What is 12 + (-6 - -1) + (21 - 8) + -85 + 5?
-60
Calculate 14 - (-3 + 8 - 2 - (28 - (29 + -49))).
59
Calculate 11 + 2 + -5 + (-83 - -21) + -35.
-89
What is the value of (12 - (12 + 0)) + 10 + 2 + (26 - -4)?
42
What is 2 + -3 + (1 - 1) - (-2058 + 2106)?
-49
What is the value of 49 + -25 + (-12 - -16) - 6?
22
Evaluate -20 - (-69 - (-32 - -3) - -22).
-2
What is -5 + (-29 - -35) + (26 - 26 - (57 - 0))?
-56
What is -14 + -40 + 62 - (-18 - (10 - 12))?
24
Evaluate -11 - ((-11 + -13 - -11) + 8) - -51.
45
Evaluate 2 + 83 + (40 - -22) + -71.
76
152 - ((-1 + -21 - (-7 + 2) - -7) + 9)
153
Calculate (-1 - -43) + -318 + 243 - 7.
-40
What is the value of 0 + -13 + 2 + -30 + 50 + -2?
7
Evaluate (-9 - 3 - (-10 + -11)) + (11 - 56).
-36
What is (18 + -16 - 2) + -11 - -10?
-1
Calculate 82 + -86 + 1 + 37 + -38.
-4
What is (-40 - -12) + -6 + -9 + 57?
14
What is the value of -25 + 0 + -43 + (-232 - -259)?
-41
Calculate (9 - (-3 + 6)) + 55 + -56 + 38.
43
Calculate (99 - 103) + -2 + (-2 - (-3 + 3)) + 9.
1
Calculate -66 - -34 - 10 - -30.
-12
Calculate -12 + (63 - (0 + -17 + 3 + -35 + 47)).
53
(-6 - (-29 + 14)) + 41 + (-10 - 1)
39
(2 - 138 - (-62 + 59)) + -5 + 17
-121
Evaluate -47 - (20 - -64 - 207).
76
Evaluate -2 + 22 - (-13 + 74 + -21).
-20
Calculate -11 + -1 + -37 + (84 - -12) + 12.
59
What is -21 - 10 - -41 - (0 + -37) - (-9 + 2)?
54
Calculate -47 - -5 - 15 - (3 + 1 - -14).
-75
2 + -23 + 57 - -7 - -21
64
Evaluate (-5 - -4) + (11 - (45 - 57 - (-11 + 0))).
11
What is the value of -6 - (10 - (-24 + 34 + (11 - -11)))?
16
What is 97 + -51 - 58 - -60?
48
1708 + -1753 + (2 + -2 - 17)
-62
What is the value of (260 - 283) + (3 - -33)?
13
Evaluate 111 - (17 - (-6 - (18 - 38)) - -16).
92
What is the value of 9 - (17 + (4 + -10 - 14))?
12
What is (-57 - (-28 + 33 - (-1 - -10))) + (-7 - -6)?
-54
-34 + -48 + 58 + -29
-53
What is 9 + (-14 - (-4 - (-102 + (-10 - -25)) - 5))?
-83
Calculate (18 - (-31 - -15 - (0 + -30))) + 46.
50
What is 84 + (-25 + 14 - -13 - 4) + -6 + -4?
72
Calculate (17 - 24) + (49 - 1 - 0) + (263 - 247).
57
What is the value of -92 + (-13 - -39) - -40?
-26
What is the value of 28 - -61 - 48 - (-3 - 17)?
61
(-43 - (21 - 71)) + 16
23
0 - 8 - (-46 + -11 + 48 + -17)
18
(-656 - -643) + (-2 - 6) + 17
-4
1621 + -1443 + (-16 - 10)
152
What is 5 - (-5 + 27 + -13 - 50) - -2?
48
What is the value of (-19 + 40 - -16) + (-9 - 2) + 5?
31
26 + (28 - (38 - -49))
-33
What is the value of -126 - (27 - 38 - -24 - (0 + 1 - 1))?
-139
Evaluate 105 + (-75 - (79 - -59)).
-108
Evaluate 39 + -57 + (12 - -4) + 1.
-1
What is (-28 + -21 + 23 - -52) + -101?
-75
What is the value of -59 - (-3 - (36 + -25))?
-45
What is (-4 - -112) + 237 + -276?
69
What is the value of 22 + -18 + 15 + 44 - (1 - 5)?
67
Calculate (761 - 767) + -25 + 17.
-14
-83204 - -83244 - (0 - (31 + -1))
70
183 + -191 + (0 + -1 - (41 - (-3 + 19)))
-34
What is 66 + -17 - 9 - (205 - 294)?
129
What is (1 - 58) + (-107 - -116 - (5 + 7 + 3))?
-63
Calculate -49 + -3 - (611 + -694).
31
Evaluate (-104 - -4) + -1 - (-160 + 138).
-79
(-35 - -56 - (3 + 5 + 1 + -5)) + -2
15
What is -71 + (43 + -101 - -114)?
-15
Evaluate (2 - -9) + (41 - 54) + 51.
49
Evaluate -52 - (80 - 41) - -47.
-44
Evaluate -67 + (44 - 70) + 0.
-93
Evaluate -19 + -5 + (36 - -1 - 44) + -74.
-105
What is the value of 178 + -164 - (-2 + 20) - -18?
14
What is (-8 - 40) + 9 + -19?
-58
What is the value of 21 - (43 + (-48 - 38))?
64
-64 + (-190 - -199 - (-3 + 3))
-55
-86 + (31 - -17) + -2
-40
What is the value of (-102 - -84) + (0 - (15 + 6))?
-39
Evaluate -26 + -71 + 113 + (-1 - -2).
17
Evaluate 8 + -1 + (13 - 2) - -22.
40
Calculate (-15 - -30) + 62 + -67.
10
What is the value of (-33 - (2 + -10 - 4 - -14)) + 5?
-30
43 + 11 + -82 - -29
1
-13 + (-1 - -79) + -34 + -67
-36
What is the value of 11 + (78 - (50 + -13) - 34 - (-1 + 39))?
-20
Evaluate (3 - 123) + -71 + 219 + -115.
-87
What is the value of (0 - ((-23 - -13) + 49)) + 7?
-32
What is -6 + 38 + 163 + -125 - (1 + 5)?
64
What is the value of (-2605 - -2673) + (-139 - 0)?
-71
Evaluate 0 + 11 + (4 - (17 - 44)) + -3 + -7.
32
What is (-88 + 48 - -49) + (3 - 36) + (-2 - 7)?
-33
What is (3 - (5 + -81)) + -2 + -24 + 22?
75
Evaluate 305 + -325 + (22 - 73).
-71
What is -4 + (-81 - 8) + (-2 - (-2 - 13 - -21))?
-101
What is the value of (33 - (16 + -6)) + (545 - 594)?
-26
Calculate 33 - 0 - (13 + (56 - (-61 + 135))).
38
What is the value of (-2 - (-2 + 1 + 0 + -7)) + (16482 - 16545)?
-57
Evaluate (-2 - (8 - (5 + 6 + -8))) + (-33 - -44).
4
Evaluate -81 + 95 + 47 + 1 + -20.
42
(-463 - -473) + 61 + (4 - 0 - 5)
70
What is 0 - -28 - (95 - (-213 - -381))?
101
Evaluate -7 + 4 + -2 + -4 + (30 - 9 - 59).
-47
Evaluate -54 + -1 - (-12